y?
7
Let q(r) = 3*r + 1. Let s be q(1). Suppose -27 = -b - v, 4*b = 2*b + 3*v + 59. What is the highest common divisor of b and s?
4
Suppose -15 = h - 65. What is the greatest common divisor of 5 and h?
5
Let t = -45 + 126. Calculate the greatest common divisor of 3 and t.
3
Let w be (3 - (0 + 0)) + 126 - -3. What is the greatest common factor of w and 22?
22
Let g be 2 - 28/(-2)*5. Let n be (1 + -5)/(2/(-3)). Suppose 55 = 5*j - 2*y - 3*y, 3*y = -n. What is the highest common factor of g and j?
9
Let a be 7/3 + 2/(-6). Calculate the highest common factor of a and 2.
2
Let n be (-42)/(-5) + (-3)/(-5). Suppose -n + 27 = 2*q - w, q - 14 = -2*w. What is the greatest common factor of q and 2?
2
Suppose -2*h = 4*q - 60, -h = q - 0*q - 15. Let i(u) = 3*u - 4. Let w be i(3). Let n = q - w. What is the highest common factor of 15 and n?
5
Let u = 0 - -1. Let j be u + -1 + 3 - -1. Calculate the greatest common divisor of j and 28.
4
Let s be 434/154 + 2/11. Calculate the greatest common divisor of 12 and s.
3
Let a = 3 - 0. Let b = 7 - 13. Let h be 3*1*(b + 14). Calculate the highest common factor of a and h.
3
Let m = -13 + 26. Calculate the highest common divisor of 39 and m.
13
Suppose l - 3*z = -4 + 14, 0 = 4*l + z - 27. Suppose -47 + l = -2*r. Suppose -n = -6*n + r. What is the highest common divisor of 28 and n?
4
Let g = -188 - -223. Let d be (13/(-2))/((-1)/2). Let t = 18 - d. Calculate the highest common divisor of g and t.
5
Suppose 19 = 11*s - 146. Let i be (20/(-6))/(2/(-9)). What is the highest common factor of i and s?
15
Let n = 11 - -76. Let c = n - 53. Calculate the greatest common factor of 17 and c.
17
Let k be 9 - ((-4)/1 - -5). Calculate the greatest common divisor of 12 and k.
4
Suppose -2*d + 28 = -4*j, -3*d - 14 = -2*d + 5*j. Calculate the greatest common divisor of 2 and d.
2
Let b(c) = 20*c**2 + c - 2. Let l be b(2). Suppose -l = -4*q + 4*u - 2*u, -2*u = 0. Calculate the greatest common divisor of 50 and q.
10
Suppose 2*g + 3*g - 25 = 0. Suppose -m = 3*m + g*p - 54, -4*m - 3*p = -50. Calculate the highest common factor of 11 and m.
11
Suppose g + 2 = -0. Let i be ((g - -2) + -66)/(-1). Calculate the highest common divisor of 6 and i.
6
Suppose 0 = 3*v - 2*v + 9. Let w = -9 - v. Suppose w = -5*n - 5*g + 55, 5*n - 3*g - 23 = n. Calculate the greatest common factor of 16 and n.
8
Let v(n) = n**2 - 9*n - 1. Let d be v(10). Suppose 0 = -5*i + 3*l + 192, l = 2*i + 3*l - 64. What is the greatest common factor of i and d?
9
Let w(k) = -k + 17. Let a be w(-5). Calculate the greatest common factor of a and 110.
22
Let g = 21 + -15. What is the greatest common divisor of g and 42?
6
Let i = 204 + -113. Calculate the greatest common factor of i and 14.
7
Let f = 56 + -40. Calculate the highest common factor of f and 112.
16
Let f be 4/(-14) - 3168/(-112). Calculate the greatest common divisor of 196 and f.
28
Suppose -5*f + 3*n + 69 = -4*f, 293 = 5*f - 2*n. Calculate the highest common divisor of 38 and f.
19
Let v = -8 + 14. Let q(y) = 3*y - 10. Let l be q(v). What is the greatest common divisor of 56 and l?
8
Let n be (-12)/(-4)*2*1. Let o be (-134)/3 + 2/(-6). Let x be ((-24)/(-10))/((-6)/o). Calculate the highest common divisor of x and n.
6
Let g(b) = 0*b + 0*b + 2*b - 3*b. Let f be g(4). Let u(c) = -c**3 - 2*c**2 + 5*c + 3. Let x be u(f). Calculate the greatest common divisor of x and 60.
15
Let l(k) = 10*k**2 + 10*k + 4. Let n be l(5). What is the highest common divisor of 38 and n?
38
Suppose 17*x - 2*x - 1710 = 0. Calculate the highest common factor of x and 38.
38
Suppose 0*v = 5*v - 3*a - 50, 2*v - 5*a = 1. Calculate the greatest common divisor of v and 13.
13
Let l(p) be the second derivative of 33*p**4/2 - p. Let y be l(-1). What is the highest common divisor of y and 22?
22
Let u = -143 - -203. Calculate the greatest common divisor of u and 90.
30
Let r be 4 + (-2)/3*-93. What is the greatest common factor of 99 and r?
33
Suppose v = -2*v + 6. Let b(f) = f**2 + f - 6. Let c be b(-5). Suppose 5*u + 26 = 2*n + 3*u, v*u = n - c. Calculate the highest common divisor of n and 60.
12
Suppose 7*y - 305 - 465 = 0. Let m be (2/(-5))/((-2)/110). Calculate the greatest common divisor of m and y.
22
Suppose 0 = 5*o - 4*x - 198, 3*o + x - 36 = 76. Calculate the highest common divisor of 114 and o.
38
Suppose 1 = j - 3. Suppose -u - j + 14 = 0. Calculate the greatest common divisor of u and 25.
5
Let b = 118 + -63. Let m(j) = 5*j - 2. Let o(d) = -4*d + 2. Let n(u) = 4*m(u) + 3*o(u). Let s be n(3). Calculate the greatest common divisor of s and b.
11
Let a(f) = 17*f + 2. Let b be a(4). Calculate the highest common divisor of 35 and b.
35
Let s be 12 + 1*-1*0. Suppose 0 = -13*j - 36 + 348. What is the greatest common factor of j and s?
12
Suppose 0*x + 10 = 2*x. Suppose 2*t + 1 = x. Calculate the highest common divisor of 14 and t.
2
Let z = 155 - 43. Suppose 5*n - 56 = -3*s + 14, -n + 5*s + 14 = 0. Calculate the greatest common factor of n and z.
14
Let k(f) = f**3 - 3*f**2 - 4. Let n be k(3). Let i = n - -13. What is the greatest common factor of 18 and i?
9
Let w = 17 - 6. What is the highest common divisor of w and 187?
11
Let o(k) = k**2 + 4*k + 3. Let t be o(-2). Let l be 51 + 0 + (-1)/t. Suppose 0*w + 4*w = l. Calculate the highest common factor of 13 and w.
13
Suppose 0 = -r + 21 - 12. Calculate the greatest common divisor of r and 90.
9
Let c = 11 + -5. Let v be (24/(-15))/(1/(-30)). What is the greatest common factor of c and v?
6
Let r(m) = 25*m + 4. Let q = -11 + 15. Let v be r(q). What is the greatest common divisor of 13 and v?
13
Let y = 126 + -31. What is the highest common divisor of y and 5?
5
Let g(d) = 3*d**2 - 5*d + 5. Let o be g(3). Calculate the greatest common divisor of o and 51.
17
Suppose -k + 3 + 42 = 0. What is the highest common factor of k and 9?
9
Let v(r) = -2*r + 8. Let z be v(6). Let g = 2 - z. Suppose -3*p + 12 = p. Calculate the highest common divisor of p and g.
3
Let c(i) = -3*i**3 - i**2 + 2*i - 1. Let m be c(-2). Suppose -9*t + m = -4*t. What is the greatest common divisor of 2 and t?
1
Let i be 45/6*(-12)/(-10). What is the highest common factor of i and 1?
1
Let n be 14/(-91) + (-54)/(-13). Let t = 20 + -4. What is the highest common divisor of n and t?
4
Suppose 0 = 7*z - 4*z - 24. What is the highest common divisor of z and 32?
8
Suppose 5*t - 10 - 10 = 0. What is the greatest common divisor of 44 and t?
4
Let u be (-108)/(-8)*1*14. Calculate the greatest common divisor of 21 and u.
21
Let u = 21 - 7. Calculate the greatest common divisor of 2 and u.
2
Let w = 72 - 34. Suppose -w = -3*u + 31. Calculate the highest common factor of 253 and u.
23
Let t be 30 + (9 + -5 - 6). Calculate the greatest common factor of t and 14.
14
Suppose 3*t = 8*t - 15. Suppose -5*a + 1165 = 5*b, -17 + 704 = 3*a - t*b. What is the greatest common divisor of 21 and a?
21
Suppose 0 = 7*v + 108 - 297. Let p(w) = -2*w + 1. Let y be p(-4). Calculate the highest common divisor of v and y.
9
Let b be (7/(-2) + 0)*-2. Calculate the greatest common divisor of b and 7.
7
Let r(y) = -9*y. Let o be r(-5). Let c be -1 + (-4)/(-4) + 3. Suppose 0 = c*j + 3*x - 9, 7 = 3*j + 5*x + 2. What is the highest common divisor of o and j?
5
Let a = 2 + -5. Suppose 2*g + 61 + 11 = 0. Let k = a - g. Calculate the greatest common divisor of k and 3.
3
Let u = -13 - -29. Suppose -4*d = -c - 453, 2*c + 2*c = 4*d - 468. What is the highest common divisor of u and d?
16
Let v = 3 + 1. Suppose 5*h = -o + 65, v*h - 67 = h + 5*o. What is the greatest common factor of h and 98?
14
Let t = 1 - -6. What is the highest common divisor of 63 and t?
7
Let w be 6/12*(8 + 2). Suppose -3*a - 2*k - 7 = -0*a, w*k = 4*a - 29. What is the highest common divisor of 8 and a?
1
Suppose -2*f + 3*i + 50 = -7*f, -30 = 3*f + 3*i. Let z = -7 - f. Let k = 16 - -2. Calculate the greatest common factor of z and k.
3
Suppose -5*b + 3*b = 0. Let s(k) = k + 100. Let r be s(b). Let l be 18*2 - (-3)/(9/12). What is the highest common divisor of r and l?
20
Suppose a + 80 = 5*f, -4*a = -0*f + 4*f - 40. Suppose -6*t + 405 = -3*t. Calculate the highest common factor of f and t.
15
Let y be 56/10 + (-48)/(-120). Calculate the highest common divisor of 9 and y.
3
Let w be 1 + -2*(-1 -